{"id":13833,"date":"2024-02-10T07:24:05","date_gmt":"2024-02-10T07:24:05","guid":{"rendered":"https:\/\/phd.bessis.fr\/?page_id=13833"},"modified":"2024-02-10T07:54:37","modified_gmt":"2024-02-10T07:54:37","slug":"lalbum-rouge","status":"publish","type":"page","link":"https:\/\/phd.bessis.fr\/index.php\/lalbum-rouge\/","title":{"rendered":"L&rsquo;ALBUM ROUGE"},"content":{"rendered":"\t\t<div data-elementor-type=\"wp-page\" data-elementor-id=\"13833\" class=\"elementor elementor-13833\">\n\t\t\t\t<div class=\"elementor-element elementor-element-07dbd14 e-flex e-con-boxed e-con e-parent\" data-id=\"07dbd14\" data-element_type=\"container\" data-settings=\"{&quot;content_width&quot;:&quot;boxed&quot;}\" data-core-v316-plus=\"true\">\n\t\t\t\t\t<div class=\"e-con-inner\">\n\t\t\t\t<div class=\"elementor-element elementor-element-4a7e02a elementor-invisible elementor-widget elementor-widget-heading\" data-id=\"4a7e02a\" data-element_type=\"widget\" data-settings=\"{&quot;_animation&quot;:&quot;fadeInLeft&quot;}\" data-widget_type=\"heading.default\">\n\t\t\t\t<div class=\"elementor-widget-container\">\n\t\t\t<style>\/*! elementor - v3.19.0 - 07-02-2024 *\/\n.elementor-heading-title{padding:0;margin:0;line-height:1}.elementor-widget-heading .elementor-heading-title[class*=elementor-size-]>a{color:inherit;font-size:inherit;line-height:inherit}.elementor-widget-heading .elementor-heading-title.elementor-size-small{font-size:15px}.elementor-widget-heading .elementor-heading-title.elementor-size-medium{font-size:19px}.elementor-widget-heading .elementor-heading-title.elementor-size-large{font-size:29px}.elementor-widget-heading .elementor-heading-title.elementor-size-xl{font-size:39px}.elementor-widget-heading .elementor-heading-title.elementor-size-xxl{font-size:59px}<\/style><h1 class=\"elementor-heading-title elementor-size-default\">Une collection unique de noms libres pr\u00eats \u00e0 vivre<\/h1>\t\t<\/div>\n\t\t\t\t<\/div>\n\t\t\t\t<div class=\"elementor-element elementor-element-99a7920 elementor-invisible elementor-widget elementor-widget-heading\" data-id=\"99a7920\" data-element_type=\"widget\" data-settings=\"{&quot;_animation&quot;:&quot;fadeInLeft&quot;}\" data-widget_type=\"heading.default\">\n\t\t\t\t<div class=\"elementor-widget-container\">\n\t\t\t<h2 class=\"elementor-heading-title elementor-size-default\">L\u2019Album Rouge est enrichi en permanence de nouveaux noms issus d\u2019une cr\u00e9ation large par nos meilleurs cr\u00e9atifs.<\/br><\/br>\n\nLes noms s\u2019appuient sur l\u2019analyse des tendances nouvelles de noms et sont issus de la CREATION BESSIS, souvent consid\u00e9r\u00e9e comme un must.<\/br><\/br>\n\nUnivers de produits concern\u00e9s tr\u00e8s nombreux : produits et services financiers, t\u00e9l\u00e9phonie, parfumerie, cosm\u00e9tique, alimentaire, transport, services aux entreprises...\n\n<\/h2>\t\t<\/div>\n\t\t\t\t<\/div>\n\t\t\t\t<div class=\"elementor-element elementor-element-2fcef79 elementor-invisible elementor-widget elementor-widget-heading\" data-id=\"2fcef79\" data-element_type=\"widget\" data-settings=\"{&quot;_animation&quot;:&quot;fadeInLeft&quot;}\" data-widget_type=\"heading.default\">\n\t\t\t\t<div class=\"elementor-widget-container\">\n\t\t\t<h2 class=\"elementor-heading-title elementor-size-default\">Principales indications : \n\n<\/h2>\t\t<\/div>\n\t\t\t\t<\/div>\n\t\t\t\t<div class=\"elementor-element elementor-element-1e09ebf elementor-widget elementor-widget-text-editor\" data-id=\"1e09ebf\" data-element_type=\"widget\" data-widget_type=\"text-editor.default\">\n\t\t\t\t<div class=\"elementor-widget-container\">\n\t\t\t<style>\/*! elementor - v3.19.0 - 07-02-2024 *\/\n.elementor-widget-text-editor.elementor-drop-cap-view-stacked .elementor-drop-cap{background-color:#69727d;color:#fff}.elementor-widget-text-editor.elementor-drop-cap-view-framed .elementor-drop-cap{color:#69727d;border:3px solid;background-color:transparent}.elementor-widget-text-editor:not(.elementor-drop-cap-view-default) .elementor-drop-cap{margin-top:8px}.elementor-widget-text-editor:not(.elementor-drop-cap-view-default) .elementor-drop-cap-letter{width:1em;height:1em}.elementor-widget-text-editor .elementor-drop-cap{float:left;text-align:center;line-height:1;font-size:50px}.elementor-widget-text-editor .elementor-drop-cap-letter{display:inline-block}<\/style>\t\t\t\t<p><strong>LA CONTRAINTE D\u00c9LAI<\/strong><\/p>\t\t\t\t\t\t<\/div>\n\t\t\t\t<\/div>\n\t\t\t\t<div class=\"elementor-element elementor-element-c9a39fa elementor-widget elementor-widget-text-editor\" data-id=\"c9a39fa\" data-element_type=\"widget\" data-widget_type=\"text-editor.default\">\n\t\t\t\t<div class=\"elementor-widget-container\">\n\t\t\t\t\t\t\t<p>La plupart de nos clients Album Rouge ont besoin tr\u00e8s vite d\u2019un nom juridiquement s\u00fbr et ne peuvent accepter les d\u00e9lais juridiques habituels.<\/p>\t\t\t\t\t\t<\/div>\n\t\t\t\t<\/div>\n\t\t\t\t<div class=\"elementor-element elementor-element-f42c9f0 elementor-widget elementor-widget-text-editor\" data-id=\"f42c9f0\" data-element_type=\"widget\" data-widget_type=\"text-editor.default\">\n\t\t\t\t<div class=\"elementor-widget-container\">\n\t\t\t\t\t\t\t<p><strong>UN CAS TYPE<\/strong><\/p>\t\t\t\t\t\t<\/div>\n\t\t\t\t<\/div>\n\t\t\t\t<div class=\"elementor-element elementor-element-19fe48e elementor-widget elementor-widget-text-editor\" data-id=\"19fe48e\" data-element_type=\"widget\" data-widget_type=\"text-editor.default\">\n\t\t\t\t<div class=\"elementor-widget-container\">\n\t\t\t\t\t\t\t<p>Lancement avanc\u00e9, veto juridique, d\u00e9p\u00f4t de statut de soci\u00e9t\u00e9\u2026 Gr\u00e2ce \u00e0 l\u2019Album, nous sommes en mesure de vous pr\u00e9senter des noms libres sous 48 h.<\/p>\t\t\t\t\t\t<\/div>\n\t\t\t\t<\/div>\n\t\t\t\t<div class=\"elementor-element elementor-element-0b455d0 elementor-widget elementor-widget-text-editor\" data-id=\"0b455d0\" data-element_type=\"widget\" data-widget_type=\"text-editor.default\">\n\t\t\t\t<div class=\"elementor-widget-container\">\n\t\t\t\t\t\t\t<p><strong>LE PORTEFEUILLE DE NOMS<\/strong><\/p>\t\t\t\t\t\t<\/div>\n\t\t\t\t<\/div>\n\t\t\t\t<div class=\"elementor-element elementor-element-4acfbec elementor-widget elementor-widget-text-editor\" data-id=\"4acfbec\" data-element_type=\"widget\" data-widget_type=\"text-editor.default\">\n\t\t\t\t<div class=\"elementor-widget-container\">\n\t\t\t\t\t\t\t<p>Sa constituion est un objectif courant dans l\u2019univers financier du fait du nombre de lancements annuels et de l\u2019encombrement de la classe concern\u00e9e (36).<\/p>\t\t\t\t\t\t<\/div>\n\t\t\t\t<\/div>\n\t\t\t\t<div class=\"elementor-element elementor-element-1b83fd7 elementor-widget elementor-widget-text-editor\" data-id=\"1b83fd7\" data-element_type=\"widget\" data-widget_type=\"text-editor.default\">\n\t\t\t\t<div class=\"elementor-widget-container\">\n\t\t\t\t\t\t\t<p><strong>7 QUESTIONS SUR L&rsquo;ALBUM ROUGE<\/strong><\/p>\t\t\t\t\t\t<\/div>\n\t\t\t\t<\/div>\n\t\t\t\t<div class=\"elementor-element elementor-element-31c1079 elementor-widget elementor-widget-text-editor\" data-id=\"31c1079\" data-element_type=\"widget\" data-widget_type=\"text-editor.default\">\n\t\t\t\t<div class=\"elementor-widget-container\">\n\t\t\t\t\t\t\t<p><strong>COMMENT EST N\u00c9 LA COLLECTION ?\u00a0<\/strong><\/p>\t\t\t\t\t\t<\/div>\n\t\t\t\t<\/div>\n\t\t\t\t<div class=\"elementor-element elementor-element-be54bf8 elementor-widget elementor-widget-text-editor\" data-id=\"be54bf8\" data-element_type=\"widget\" data-widget_type=\"text-editor.default\">\n\t\t\t\t<div class=\"elementor-widget-container\">\n\t\t\t\t\t\t\t<p><span class=\"block\">Pierre BESSIS en a eu l\u2019id\u00e9e et a d\u00e9pos\u00e9 les premiers noms dans les ann\u00e9es 90. Son objectif \u00e9tait de prot\u00e9ger certains noms de parfums qui lui plaisaient particuli\u00e8rement. L\u2019id\u00e9e a plu et le principe a \u00e9t\u00e9 \u00e9tendu \u00e0 d\u2019autres classes de produits.<\/span><\/p>\t\t\t\t\t\t<\/div>\n\t\t\t\t<\/div>\n\t\t\t\t<div class=\"elementor-element elementor-element-2052466 elementor-widget elementor-widget-text-editor\" data-id=\"2052466\" data-element_type=\"widget\" data-widget_type=\"text-editor.default\">\n\t\t\t\t<div class=\"elementor-widget-container\">\n\t\t\t\t\t\t\t<p><strong>COMMENT LA COLLECTION S&rsquo;ENRICHIT-ELLE\u00a0 ?\u00a0<\/strong><\/p>\t\t\t\t\t\t<\/div>\n\t\t\t\t<\/div>\n\t\t\t\t<div class=\"elementor-element elementor-element-586f1c7 elementor-widget elementor-widget-text-editor\" data-id=\"586f1c7\" data-element_type=\"widget\" data-widget_type=\"text-editor.default\">\n\t\t\t\t<div class=\"elementor-widget-container\">\n\t\t\t\t\t\t\t<p>Chaque ann\u00e9e, nous d\u00e9posons de nombreux nouveaux noms issus de deux sources\u00a0:<\/p><p>des noms cr\u00e9\u00e9s pour des produits pr\u00e9cis, pl\u00e9biscit\u00e9s en test mais non retenus par les clients.<\/p><p>des noms cr\u00e9\u00e9s sp\u00e9cifiquement pour l\u2019Album Rouge sur des tendances choisies.<\/p>\t\t\t\t\t\t<\/div>\n\t\t\t\t<\/div>\n\t\t\t\t<div class=\"elementor-element elementor-element-b98fbd2 elementor-widget elementor-widget-text-editor\" data-id=\"b98fbd2\" data-element_type=\"widget\" data-widget_type=\"text-editor.default\">\n\t\t\t\t<div class=\"elementor-widget-container\">\n\t\t\t\t\t\t\t<p><b>QUELLES SONT LES CARACT\u00c9RISTIQUES DES NOMS DE L&rsquo;ALBUM ROUGE ?\u00a0<\/b><\/p>\t\t\t\t\t\t<\/div>\n\t\t\t\t<\/div>\n\t\t\t\t<div class=\"elementor-element elementor-element-fba811d elementor-widget elementor-widget-text-editor\" data-id=\"fba811d\" data-element_type=\"widget\" data-widget_type=\"text-editor.default\">\n\t\t\t\t<div class=\"elementor-widget-container\">\n\t\t\t\t\t\t\t<p>Au d\u00e9marrage, les noms \u00e9taient souvent tr\u00e8s typ\u00e9s, audacieux, originaux, ludiques. Peu \u00e0 peu le registre s\u2019est \u00e9largi pour mieux couvrir l\u2019ensemble des besoins. Aujourd\u2019hui, on trouve dans l\u2019Album des noms tr\u00e8s cr\u00e9atifs et des noms plus sages.<\/p>\t\t\t\t\t\t<\/div>\n\t\t\t\t<\/div>\n\t\t\t\t<div class=\"elementor-element elementor-element-4325ce8 elementor-widget elementor-widget-text-editor\" data-id=\"4325ce8\" data-element_type=\"widget\" data-widget_type=\"text-editor.default\">\n\t\t\t\t<div class=\"elementor-widget-container\">\n\t\t\t\t\t\t\t<p><b>LES NOMS DE L&rsquo;ALBUM SERONT-I:S VRAIMENT LIBRES POUR MOI\u00a0 ?\u00a0<\/b><\/p>\t\t\t\t\t\t<\/div>\n\t\t\t\t<\/div>\n\t\t\t\t<div class=\"elementor-element elementor-element-9ac26f6 elementor-widget elementor-widget-text-editor\" data-id=\"9ac26f6\" data-element_type=\"widget\" data-widget_type=\"text-editor.default\">\n\t\t\t\t<div class=\"elementor-widget-container\">\n\t\t\t\t\t\t\t<p>Ils ont \u00e9t\u00e9 d\u00e9pos\u00e9s par Bessis avec un libell\u00e9 ouvert. Ils seront disponibles pour vous sous r\u00e9serve d\u2019un compl\u00e9ment de recherche juridique en relation avec le profil pr\u00e9cis de votre produit. La plupart des cabinets juridiques r\u00e9alisent ces recherches sous 48 heures, si les r\u00e9sultats sont positifs, la cession s\u2019op\u00e8re imm\u00e9diatement. En pratique, environ 4 noms sur 5 seront effectivement pr\u00eats \u00e0 vivre pour vous.<\/p>\t\t\t\t\t\t<\/div>\n\t\t\t\t<\/div>\n\t\t\t\t<div class=\"elementor-element elementor-element-50cd3d0 elementor-widget elementor-widget-text-editor\" data-id=\"50cd3d0\" data-element_type=\"widget\" data-widget_type=\"text-editor.default\">\n\t\t\t\t<div class=\"elementor-widget-container\">\n\t\t\t\t\t\t\t<p><b>COMMENT DOIS-JE PROC\u00c9DER\u00a0 ?\u00a0<\/b><\/p>\t\t\t\t\t\t<\/div>\n\t\t\t\t<\/div>\n\t\t\t\t<div class=\"elementor-element elementor-element-abed18f elementor-widget elementor-widget-text-editor\" data-id=\"abed18f\" data-element_type=\"widget\" data-widget_type=\"text-editor.default\">\n\t\t\t\t<div class=\"elementor-widget-container\">\n\t\t\t\t\t\t\t<p><span class=\"block\">Nous nous rencontrons et nous vous proposons notre s\u00e9lection des noms qui nous paraissent les plus int\u00e9ressants pour le produit, service ou soci\u00e9t\u00e9 que vous souhaitez nommer.<\/span><\/p>\t\t\t\t\t\t<\/div>\n\t\t\t\t<\/div>\n\t\t\t\t<div class=\"elementor-element elementor-element-c52a5bf elementor-widget elementor-widget-text-editor\" data-id=\"c52a5bf\" data-element_type=\"widget\" data-widget_type=\"text-editor.default\">\n\t\t\t\t<div class=\"elementor-widget-container\">\n\t\t\t\t\t\t\t<p><b>QUELS SONT LES NOMS LES PLUS CONNUS DE L&rsquo;ALBUM ROUGE ?\u00a0<\/b><\/p>\t\t\t\t\t\t<\/div>\n\t\t\t\t<\/div>\n\t\t\t\t<div class=\"elementor-element elementor-element-7fff70b elementor-widget elementor-widget-text-editor\" data-id=\"7fff70b\" data-element_type=\"widget\" data-widget_type=\"text-editor.default\">\n\t\t\t\t<div class=\"elementor-widget-container\">\n\t\t\t\t\t\t\t<strong style=\"color: #00a1c6;\">Arkea <\/strong>,<span style=\"color:#233F5E;\">c\u00e9l\u00e8bre groupe coop\u00e9ratif et mutualiste de bancassurance a men\u00e9 une recherche sur mesure et choisi son nom dans l\u2019Album Rouge, apr\u00e8s test muticibles sur Le Divan.<\/span>\t\t\t\t\t\t<\/div>\n\t\t\t\t<\/div>\n\t\t\t\t<div class=\"elementor-element elementor-element-1a12507 elementor-widget elementor-widget-text-editor\" data-id=\"1a12507\" data-element_type=\"widget\" data-widget_type=\"text-editor.default\">\n\t\t\t\t<div class=\"elementor-widget-container\">\n\t\t\t\t\t\t\t<strong style=\"color: #00a1c6;\">A bicyclette <\/strong>,<span style=\"color: #233f5e;\">gamme de desserts v\u00e9g\u00e9taux, lanc\u00e9e fin 2017, a choisi son nom dans l\u2019Album Rouge, apr\u00e8s \u00e9valuation parmi 14 autres.<\/span>\t\t\t\t\t\t<\/div>\n\t\t\t\t<\/div>\n\t\t\t\t<div class=\"elementor-element elementor-element-fcd5258 elementor-widget elementor-widget-text-editor\" data-id=\"fcd5258\" data-element_type=\"widget\" data-widget_type=\"text-editor.default\">\n\t\t\t\t<div class=\"elementor-widget-container\">\n\t\t\t\t\t\t\t<strong style=\"color: #00a1c6;\">Vivaccio<\/strong>,<span style=\"color: #233f5e;\"> offre d\u2019assurance-vie de La Banque Postale, a trouv\u00e9 son nom dans l\u2019Album Rouge. Auparavant Bagoo, c\u00e9l\u00e8bre offre Jeunes, avait fait de m\u00eame.<\/span>\t\t\t\t\t\t<\/div>\n\t\t\t\t<\/div>\n\t\t\t\t<div class=\"elementor-element elementor-element-acd82ae elementor-widget elementor-widget-text-editor\" data-id=\"acd82ae\" data-element_type=\"widget\" data-widget_type=\"text-editor.default\">\n\t\t\t\t<div class=\"elementor-widget-container\">\n\t\t\t\t\t\t\t<strong style=\"color: #00a1c6;\">Passenger <\/strong>,<span style=\"color: #233f5e;\"> parfum d\u2019\u00e9vasion de S. T. Dupont, a voyag\u00e9 et choisi son nom dans L\u2019Album Rouge.<\/span>\t\t\t\t\t\t<\/div>\n\t\t\t\t<\/div>\n\t\t\t\t<div class=\"elementor-element elementor-element-864dba6 elementor-widget elementor-widget-text-editor\" data-id=\"864dba6\" data-element_type=\"widget\" data-widget_type=\"text-editor.default\">\n\t\t\t\t<div class=\"elementor-widget-container\">\n\t\t\t\t\t\t\t<span style=\"color: #233f5e;\"> La soci\u00e9t\u00e9 G\u00e9n\u00e9rale a fait appel \u00e0 l&rsquo;Album Rouge pour <\/span>\n<strong style=\"color: #00a1c6;\">Murano, Darwin, Elvea, Pluriade &#8230; <\/strong>\t\t\t\t\t\t<\/div>\n\t\t\t\t<\/div>\n\t\t\t\t<div class=\"elementor-element elementor-element-256a9ca elementor-widget elementor-widget-text-editor\" data-id=\"256a9ca\" data-element_type=\"widget\" data-widget_type=\"text-editor.default\">\n\t\t\t\t<div class=\"elementor-widget-container\">\n\t\t\t\t\t\t\t<strong style=\"color: #00a1c6;\">Aqua Oriens <\/strong>,<span style=\"color: #233f5e;\">  parfum d\u00e9licieux de Van cleef &#038; Arpels, a choisi son nom dans l\u2019Album Rouge.<\/span>\t\t\t\t\t\t<\/div>\n\t\t\t\t<\/div>\n\t\t\t\t<div class=\"elementor-element elementor-element-64bc769 elementor-widget elementor-widget-text-editor\" data-id=\"64bc769\" data-element_type=\"widget\" data-widget_type=\"text-editor.default\">\n\t\t\t\t<div class=\"elementor-widget-container\">\n\t\t\t\t\t\t\t<strong style=\"color: #00a1c6;\">Legrand <\/strong>,<span style=\"color: #233f5e;\">  a trouv\u00e9 son bonheur plusieurs fois dans l\u2019Album Rouge, en compl\u00e9ment de recherche sur mesure, en particulier pour <\/span><strong style=\"color: #00a1c6;\">Flocoon et Drivia <\/strong>\t\t\t\t\t\t<\/div>\n\t\t\t\t<\/div>\n\t\t\t\t<div class=\"elementor-element elementor-element-adc4d52 elementor-widget elementor-widget-text-editor\" data-id=\"adc4d52\" data-element_type=\"widget\" data-widget_type=\"text-editor.default\">\n\t\t\t\t<div class=\"elementor-widget-container\">\n\t\t\t\t\t\t\t<span style=\"color: #233f5e;\"> Groupama-Gan, Guerlain, Publicis et bien d\u2019autres ont \u00e9galement puis\u00e9 avec succ\u00e8s dans l\u2019Album Rouge.<\/span>\t\t\t\t\t\t<\/div>\n\t\t\t\t<\/div>\n\t\t\t\t<div class=\"elementor-element elementor-element-ba301bf elementor-widget elementor-widget-text-editor\" data-id=\"ba301bf\" data-element_type=\"widget\" data-widget_type=\"text-editor.default\">\n\t\t\t\t<div class=\"elementor-widget-container\">\n\t\t\t\t\t\t\t<p><b>COMBIEN \u00c7A CO\u00dbTE ?<\/b><\/p>\t\t\t\t\t\t<\/div>\n\t\t\t\t<\/div>\n\t\t\t\t<div class=\"elementor-element elementor-element-0498ac3 elementor-widget elementor-widget-text-editor\" data-id=\"0498ac3\" data-element_type=\"widget\" data-widget_type=\"text-editor.default\">\n\t\t\t\t<div class=\"elementor-widget-container\">\n\t\t\t\t\t\t\t<span style=\"color: #233f5e;\"> Le prix du nom est fonction du nombre de classes de d\u00e9p\u00f4t souhait\u00e9. Le prix du nom varie entre 5000 et 7200 euros H.T. pour la classe principale + 1000 euros par classe suppl\u00e9mentaire \u00e9ventuelle incluse dans notre d\u00e9p\u00f4t.<\/span>\t\t\t\t\t\t<\/div>\n\t\t\t\t<\/div>\n\t\t\t\t\t<\/div>\n\t\t\t\t<\/div>\n\t\t\t\t<\/div>\n\t\t","protected":false},"excerpt":{"rendered":"<p>Une collection unique de noms libres pr\u00eats \u00e0 vivre L\u2019Album Rouge est enrichi en permanence de nouveaux noms issus d\u2019une cr\u00e9ation large par nos meilleurs cr\u00e9atifs. Les noms s\u2019appuient sur l\u2019analyse des tendances nouvelles de noms et sont issus de la CREATION BESSIS, souvent consid\u00e9r\u00e9e comme un must. Univers de produits concern\u00e9s tr\u00e8s nombreux : [&hellip;]<\/p>\n","protected":false},"author":1,"featured_media":0,"parent":0,"menu_order":0,"comment_status":"closed","ping_status":"closed","template":"","meta":{"footnotes":""},"_links":{"self":[{"href":"https:\/\/phd.bessis.fr\/index.php\/wp-json\/wp\/v2\/pages\/13833"}],"collection":[{"href":"https:\/\/phd.bessis.fr\/index.php\/wp-json\/wp\/v2\/pages"}],"about":[{"href":"https:\/\/phd.bessis.fr\/index.php\/wp-json\/wp\/v2\/types\/page"}],"author":[{"embeddable":true,"href":"https:\/\/phd.bessis.fr\/index.php\/wp-json\/wp\/v2\/users\/1"}],"replies":[{"embeddable":true,"href":"https:\/\/phd.bessis.fr\/index.php\/wp-json\/wp\/v2\/comments?post=13833"}],"version-history":[{"count":0,"href":"https:\/\/phd.bessis.fr\/index.php\/wp-json\/wp\/v2\/pages\/13833\/revisions"}],"wp:attachment":[{"href":"https:\/\/phd.bessis.fr\/index.php\/wp-json\/wp\/v2\/media?parent=13833"}],"curies":[{"name":"wp","href":"https:\/\/api.w.org\/{rel}","templated":true}]}}